ed by 120.
4
Calculate the remainder when 1014361 is divided by 47.
7
What is the remainder when 11446 is divided by 1542?
652
What is the remainder when 105673772 is divided by 16?
12
What is the remainder when 419033 is divided by 69?
65
Calculate the remainder when 21526153 is divided by 76.
65
Calculate the remainder when 40922059 is divided by 7823.
7769
Calculate the remainder when 110853 is divided by 794.
487
What is the remainder when 1074966 is divided by 2121?
1740
Calculate the remainder when 245893661 is divided by 1659.
1658
What is the remainder when 345450 is divided by 2132?
66
Calculate the remainder when 227942 is divided by 22154.
6402
Calculate the remainder when 987445 is divided by 2214.
1
Calculate the remainder when 8881059 is divided by 65.
44
Calculate the remainder when 339666 is divided by 169822.
22
Calculate the remainder when 1067599 is divided by 139.
79
What is the remainder when 17948922 is divided by 13266?
24
Calculate the remainder when 4172713 is divided by 102.
97
What is the remainder when 27380315 is divided by 23184?
11
Calculate the remainder when 13423488 is divided by 261.
258
What is the remainder when 167032 is divided by 488?
136
Calculate the remainder when 7996 is divided by 505.
421
Calculate the remainder when 1872070 is divided by 214.
212
What is the remainder when 49471991 is divided by 80?
71
What is the remainder when 101481 is divided by 4627?
4314
What is the remainder when 1318924 is divided by 218970?
5104
What is the remainder when 30974074 is divided by 30974058?
16
What is the remainder when 68300 is divided by 121?
56
Calculate the remainder when 10753 is divided by 10284.
469
What is the remainder when 65791 is divided by 194?
25
Calculate the remainder when 4702193 is divided by 23.
4
Calculate the remainder when 106624366 is divided by 254.
246
Calculate the remainder when 276173 is divided by 3642.
3023
What is the remainder when 9865222 is divided by 7867?
4
What is the remainder when 578585 is divided by 369?
362
What is the remainder when 3872302 is divided by 70403?
137
Calculate the remainder when 107291 is divided by 3691.
252
What is the remainder when 1767018 is divided by 833?
225
What is the remainder when 222382 is divided by 188?
166
Calculate the remainder when 3509508 is divided by 28.
16
Calculate the remainder when 15147 is divided by 2341.
1101
What is the remainder when 17976669 is divided by 504?
501
What is the remainder when 36396363 is divided by 1604?
1603
Calculate the remainder when 265090 is divided by 1319.
1290
What is the remainder when 39812 is divided by 508?
188
What is the remainder when 604678 is divided by 20?
18
Calculate the remainder when 89836 is divided by 946.
912
What is the remainder when 1678164 is divided by 4475?
39
What is the remainder when 563657 is divided by 12522?
167
Calculate the remainder when 950398 is divided by 48.
46
What is the remainder when 7556120 is divided by 6302?
22
What is the remainder when 39244038 is divided by 3281?
3278
What is the remainder when 2642030 is divided by 42?
20
Calculate the remainder when 28014 is divided by 1287.
987
Calculate the remainder when 506650633 is divided by 53.
48
Calculate the remainder when 24789029 is divided by 47038.
3
What is the remainder when 1930780 is divided by 834?
70
What is the remainder when 22745779 is divided by 8?
3
What is the remainder when 2739730 is divided by 3605?
3535
Calculate the remainder when 228573 is divided by 1579.
1197
Calculate the remainder when 4252194 is divided by 79.
19
Calculate the remainder when 353950 is divided by 6940.
10
What is the remainder when 112050477 is divided by 69?
66
What is the remainder when 492129 is divided by 3845?
3814
What is the remainder when 9470690 is divided by 109?
7
Calculate the remainder when 1941591 is divided by 5640.
1431
Calculate the remainder when 513499 is divided by 360.
139
Calculate the remainder when 11035400 is divided by 1103540.
0
Calculate the remainder when 5740164 is divided by 5740156.
8
What is the remainder when 20231063 is divided by 6743682?
17
What is the remainder when 485554 is divided by 37253?
1265
Calculate the remainder when 27148028 is divided by 13.
11
What is the remainder when 360582 is divided by 77?
68
Calculate the remainder when 4342877 is divided by 1447588.
113
What is the remainder when 4144574 is divided by 1036142?
6
Calculate the remainder when 34812440 is divided by 123.
119
What is the remainder when 6737722 is divided by 302?
102
What is the remainder when 1517654 is divided by 3546?
3512
Calculate the remainder when 7375413 is divided by 5076.
5061
What is the remainder when 17206434 is divided by 185015?
39
Calculate the remainder when 22012 is divided by 10026.
1960
What is the remainder when 835522 is divided by 208864?
66
What is the remainder when 2751864 is divided by 1375923?
18
Calculate the remainder when 83273097 is divided by 75.
72
Calculate the remainder when 4094018 is divided by 113722.
26
Calculate the remainder when 426461 is divided by 60920.
21
Calculate the remainder when 70690 is divided by 100.
90
What is the remainder when 1658258 is divided by 3685?
8
What is the remainder when 608154 is divided by 4937?
903
Calculate the remainder when 96170067 is divided by 32056669.
60
Calculate the remainder when 4195419 is divided by 42.
39
What is the remainder when 1471662 is divided by 2428?
294
What is the remainder when 1580007 is divided by 607?
593
Calculate the remainder when 111465 is divided by 3004.
317
What is the remainder when 1160981 is divided by 1160964?
17
Calculate the remainder when 328731 is divided by 13541.
3747
What is the remainder when 9412 is divided by 9390?
22
What is the remainder when 266257 is divided by 1096?
1025
What is the remainder when 1292032 is divided by 1291607?
425
Calculate the remainder when 641567 is divided by 981.
974
Calculate the remainder when 15888237 is divided by 2911.
2910
What is the remainder when 5119993 is divided by 98?
81
Calculate the remainder when 5384498 is divided by 132.
86
Calculate the remainder when 13800283 is divided by 27.
16
Calculate the remainder when 121235820 is divided by 3436.
3432
Calculate the remainder when 80882 is divided by 2205.
1502
Calculate the remainder when 487525 is divided by 160.
5
Calculate the remainder when 251841 is divided by 5358.
15
What is the remainder when 334619 is divided by 111470?
209
What is the remainder when 1389495781 is divided by 236?
233
What is the remainder when 241901998 is divided by 9000?
8998
Calculate the remainder when 1581258 is divided by 1251.
1245
Calculate the remainder when 13191613 is divided by 49.
29
Calculate the remainder when 104611049 is divided by 25881.
47
What is the remainder when 275535890 is divided by 3557?
3556
What is the remainder when 259270 is divided by 37028?
74
Calculate the remainder when 114897571 is divided by 755905.
11
Calculate the remainder when 115335 is divided by 53984.
7367
Calculate the remainder when 3405500 is divided by 4900.
0
Calculate the remainder when 579814 is divided by 640.
614
Calculate the remainder when 111432 is divided by 768.
72
Calculate the remainder when 3785752 is divided by 32353.
451
Calculate the remainder when 17353655 is divided by 118052.
11
What is the remainder when 4364837 is divided by 58?
47
What is the remainder when 1137774 is divided by 113714?
634
Calculate the remainder when 959340 is divided by 610.
420
Calculate the remainder when 316149 is divided by 4716.
177
Calculate the remainder when 1846450 is divided by 1791.
1720
Calculate the remainder when 402939 is divided by 1053.
693
What is the remainder when 3868958 is divided by 112?
30
Calculate the remainder when 57528 is divided by 28719.
90
What is the remainder when 10085219 is divided by 530801?
0
What is the remainder when 2385290 is divided by 149080?
10
Calculate the remainder when 908674 is divided by 1971.
43
Calculate the remainder when 448583676 is divided by 223.
221
Calculate the remainder when 1601027 is divided by 296.
259
Calculate the remainder when 16588 is divided by 16463.
125
Calculate the remainder when 1789604 is divided by 99422.
8
Calculate the remainder when 7483 